{"id":586,"date":"2026-03-30T15:29:28","date_gmt":"2026-03-30T13:29:28","guid":{"rendered":"https:\/\/webcom.iutlan.univ-rennes1.fr\/lsempere\/?page_id=586"},"modified":"2026-04-08T18:28:27","modified_gmt":"2026-04-08T16:28:27","slug":"programmation-des-festivals-francais-en-2026","status":"publish","type":"page","link":"https:\/\/webcom.iutlan.univ-rennes1.fr\/lsempere\/","title":{"rendered":"Programmation des festivals fran\u00e7ais en 2026"},"content":{"rendered":"\t\t<div data-elementor-type=\"wp-page\" data-elementor-id=\"586\" class=\"elementor elementor-586\" data-elementor-settings=\"{&quot;ha_cmc_init_switcher&quot;:&quot;no&quot;}\">\n\t\t\t\t<div class=\"elementor-element elementor-element-13642719 e-flex e-con-boxed e-con e-parent\" data-id=\"13642719\" data-element_type=\"container\" data-e-type=\"container\" data-settings=\"{&quot;_ha_eqh_enable&quot;:false}\">\n\t\t\t\t\t<div class=\"e-con-inner\">\n\t\t\t\t<div class=\"elementor-element elementor-element-52f1f6fc elementor-widget elementor-widget-text-editor\" data-id=\"52f1f6fc\" data-element_type=\"widget\" data-e-type=\"widget\" data-widget_type=\"text-editor.default\">\n\t\t\t\t<div class=\"elementor-widget-container\">\n\t\t\t\t\t\t\t\t\t\n<p>Plongez au c\u0153ur de la sc\u00e8ne musicale de 2026. Ce site rassemble, en un seul espace, l\u2019essentiel pour pr\u00e9parer votre saison de festivals : portraits d\u2019artistes, focus par genres, analyses de tendances et outils pratiques pour rep\u00e9rer les \u00e9v\u00e9nements incontournables. Que vous soyez passionn\u00e9 de rap, de pop, de rock ou de reggae, vous y trouverez \u00e0 la fois des \u00e9clairages sur les t\u00eates d\u2019affiche de l\u2019ann\u00e9e et des ressources interactives pour organiser vos prochaines escapades musicales.<\/p>\n<p>\u00a0<\/p>\n<p>\u00a0<\/p>\n\n<h2 class=\"wp-block-heading\">Carte des festivals fran\u00e7ais en 2026<\/h2>\n<p>\u00a0<\/p>\n\n<div style=\"display: flex; flex-direction: column; align-items: center; justify-content: center; width: 100%;\"><iframe style=\"width: 100%; max-width: 800px; height: 500px; border: 0;\" src=\"\/\/umap.openstreetmap.fr\/fr\/map\/carte-sans-nom_1385369?scaleControl=true&amp;miniMap=false&amp;scrollWheelZoom=true&amp;zoomControl=true&amp;editMode=disabled&amp;moreControl=true&amp;searchControl=null&amp;tilelayersControl=null&amp;embedControl=null&amp;datalayersControl=true&amp;onLoadPanel=none&amp;captionBar=false&amp;captionMenus=true\" allowfullscreen=\"allowfullscreen\">\n    <\/iframe>\n<p style=\"text-align: center;\"><a href=\"\/\/umap.openstreetmap.fr\/fr\/map\/carte-sans-nom_1385369?scaleControl=true&amp;miniMap=false&amp;scrollWheelZoom=true&amp;zoomControl=true&amp;editMode=disabled&amp;moreControl=true&amp;searchControl=null&amp;tilelayersControl=null&amp;embedControl=null&amp;datalayersControl=true&amp;onLoadPanel=none&amp;captionBar=false&amp;captionMenus=true\"> Voir en plein \u00e9cran <\/a><\/p>\n<\/div>\n\n<h2 class=\"wp-block-heading\">\u00a0<\/h2>\n<h2>\u00a0<\/h2>\n<h2>\u00a0<\/h2>\n<h2>\u00a0<\/h2>\n<h2 class=\"wp-block-heading\">Recherche par mots cl\u00e9s<\/h2>\n<p>\u00a0<\/p>\n\n<p>Trouvez vos artistes pr\u00e9f\u00e9r\u00e9s en quelques clics ! Utilisez notre moteur de recherche pour explorer tous les festivals de 2026 : filtrez par genre, dates ou lieu, et acc\u00e9dez instantan\u00e9ment aux tarifs (billet 1 jour ou pass) ainsi qu&rsquo;aux liens d&rsquo;information. C&rsquo;est l&rsquo;outil id\u00e9al pour planifier votre \u00e9t\u00e9 musical et v\u00e9rifier les disponibilit\u00e9s !<\/p>\n<p>\u00a0<\/p>\n\n<p>\u00a0<\/p>\n\n<div class=\"flourish-embed flourish-chart\" data-src=\"visualisation\/28296078\"><script src=\"https:\/\/public.flourish.studio\/resources\/embed.js\"><\/script><noscript><img decoding=\"async\" src=\"https:\/\/public.flourish.studio\/visualisation\/28296078\/thumbnail\" width=\"100%\" alt=\"visualization\" \/><\/noscript><\/div>\n<hr class=\"wp-block-separator has-alpha-channel-opacity\" \/>\n<h2 class=\"wp-block-heading\">\u00a0<\/h2>\n<h2 class=\"wp-block-heading\">Les derniers articles<\/h2>\n<ul class=\"wp-block-latest-posts__list is-grid columns-3 has-dates has-author wp-block-latest-posts\"><li><a class=\"wp-block-latest-posts__post-title\" href=\"https:\/\/webcom.iutlan.univ-rennes1.fr\/lsempere\/2026\/04\/01\/gims-lartiste-partout-a-la-fois-la-tournee-sans-fin-qui-envahit-les-festivals\/\">Gims, l\u2019artiste partout \u00e0 la fois : la tourn\u00e9e sans fin qui envahit les festivals<\/a><div class=\"wp-block-latest-posts__post-author\">par zbercegeay<\/div><time datetime=\"2026-04-01T17:25:53+02:00\" class=\"wp-block-latest-posts__post-date\">1 avril 2026<\/time><div class=\"wp-block-latest-posts__post-excerpt\">En 2026, Gims s\u2019impose comme l\u2019un des artistes les plus pr\u00e9sents sur sc\u00e8ne. Entre festivals et dates qui s\u2019encha\u00eenent sans pause, il est pr\u00e9sent tout l\u2019\u00e9t\u00e9 et devient incontournable. Un \u00e9t\u00e9 2026 sous le signe de Gims D\u00e9j\u00e0 install\u00e9 comme... <a class=\"more-link\" href=\"https:\/\/webcom.iutlan.univ-rennes1.fr\/lsempere\/2026\/04\/01\/gims-lartiste-partout-a-la-fois-la-tournee-sans-fin-qui-envahit-les-festivals\/\">Continue Reading &rarr;<\/a><\/div><\/li>\n<li><a class=\"wp-block-latest-posts__post-title\" href=\"https:\/\/webcom.iutlan.univ-rennes1.fr\/lsempere\/2026\/04\/01\/helena-bailly-une-ascension-rapide\/\">H\u00e9l\u00e9na Bailly : une ascension rapide<\/a><div class=\"wp-block-latest-posts__post-author\">par aliciabricot<\/div><time datetime=\"2026-04-01T17:07:45+02:00\" class=\"wp-block-latest-posts__post-date\">1 avril 2026<\/time><div class=\"wp-block-latest-posts__post-excerpt\">R\u00e9v\u00e9l\u00e9e en 2023 dans Star Academy, H\u00e9l\u00e9na Bailly s\u2019est impos\u00e9e en quelques mois seulement sur la sc\u00e8ne musicale francophone. Entre son premier single et ses performances en concert, son ascension ne passe pas inaper\u00e7ue. Il y a encore peu de... <a class=\"more-link\" href=\"https:\/\/webcom.iutlan.univ-rennes1.fr\/lsempere\/2026\/04\/01\/helena-bailly-une-ascension-rapide\/\">Continue Reading &rarr;<\/a><\/div><\/li>\n<li><a class=\"wp-block-latest-posts__post-title\" href=\"https:\/\/webcom.iutlan.univ-rennes1.fr\/lsempere\/2026\/04\/01\/angele-une-pop-engagee-qui-marque-sa-generation\/\">Ang\u00e8le, une pop engag\u00e9e qui marque sa g\u00e9n\u00e9ration<\/a><div class=\"wp-block-latest-posts__post-author\">par lleturdu<\/div><time datetime=\"2026-04-01T15:27:52+02:00\" class=\"wp-block-latest-posts__post-date\">1 avril 2026<\/time><div class=\"wp-block-latest-posts__post-excerpt\">Artiste belge incontournable de la sc\u00e8ne pop francophone,\u00a0Ang\u00e8le\u00a0s\u2019est impos\u00e9e en quelques ann\u00e9es gr\u00e2ce \u00e0 des textes sinc\u00e8res, des m\u00e9lodies efficaces et un engagement affirm\u00e9. De ses d\u00e9buts sur les r\u00e9seaux sociaux \u00e0 ses albums \u00e0 succ\u00e8s, retour sur le parcours... <a class=\"more-link\" href=\"https:\/\/webcom.iutlan.univ-rennes1.fr\/lsempere\/2026\/04\/01\/angele-une-pop-engagee-qui-marque-sa-generation\/\">Continue Reading &rarr;<\/a><\/div><\/li>\n<li><a class=\"wp-block-latest-posts__post-title\" href=\"https:\/\/webcom.iutlan.univ-rennes1.fr\/lsempere\/2026\/04\/01\/riles-lartiste-independant-qui-redefinit-les-regles-du-jeu\/\">Ril\u00e8s, l\u2019artiste ind\u00e9pendant qui red\u00e9finit les r\u00e8gles du jeu<\/a><div class=\"wp-block-latest-posts__post-author\">par julirivere<\/div><time datetime=\"2026-04-01T14:04:19+02:00\" class=\"wp-block-latest-posts__post-date\">1 avril 2026<\/time><div class=\"wp-block-latest-posts__post-excerpt\">\u00c0 la crois\u00e9e du rap, de la pop et de l\u2019exp\u00e9rimentation sonore,\u00a0Ril\u00e8s\u00a0s\u2019impose comme l\u2019une des figures les plus singuli\u00e8res de la sc\u00e8ne musicale fran\u00e7aise. Enti\u00e8rement autonome, de la production \u00e0 la r\u00e9alisation visuelle, il incarne une nouvelle g\u00e9n\u00e9ration d\u2019artistes capables... <a class=\"more-link\" href=\"https:\/\/webcom.iutlan.univ-rennes1.fr\/lsempere\/2026\/04\/01\/riles-lartiste-independant-qui-redefinit-les-regles-du-jeu\/\">Continue Reading &rarr;<\/a><\/div><\/li>\n<li><a class=\"wp-block-latest-posts__post-title\" href=\"https:\/\/webcom.iutlan.univ-rennes1.fr\/lsempere\/2026\/04\/01\/sting-de-newcastel-au-sommet-du-rock-mondial\/\">Sting : de Newcastel au sommet du rock mondial<\/a><div class=\"wp-block-latest-posts__post-author\">par ntoudic<\/div><time datetime=\"2026-04-01T11:18:29+02:00\" class=\"wp-block-latest-posts__post-date\">1 avril 2026<\/time><div class=\"wp-block-latest-posts__post-excerpt\">Musicien, militant et po\u00e8te, Sting est l&rsquo;une des figures les plus marquantes de la musique populaire depuis plus de quarante ans. De ses d\u00e9buts avec The Police \u00e0 sa carri\u00e8re solo, le chanteur britannique n&rsquo;a cess\u00e9 de r\u00e9inventer son art... <a class=\"more-link\" href=\"https:\/\/webcom.iutlan.univ-rennes1.fr\/lsempere\/2026\/04\/01\/sting-de-newcastel-au-sommet-du-rock-mondial\/\">Continue Reading &rarr;<\/a><\/div><\/li>\n<li><a class=\"wp-block-latest-posts__post-title\" href=\"https:\/\/webcom.iutlan.univ-rennes1.fr\/lsempere\/2026\/04\/01\/georgio-une-voix-singuliere-dans-le-rap-francais\/\">Georgio, une voix singuli\u00e8re dans le rap fran\u00e7ais<\/a><div class=\"wp-block-latest-posts__post-author\">par oli.drx<\/div><time datetime=\"2026-04-01T00:19:25+02:00\" class=\"wp-block-latest-posts__post-date\">1 avril 2026<\/time><div class=\"wp-block-latest-posts__post-excerpt\">Dans le paysage du rap fran\u00e7ais, Georgio s\u2019impose par une \u00e9criture intime et une approche sinc\u00e8re de la musique. Entre introspection et proximit\u00e9 avec son public, il trace un chemin \u00e0 part, o\u00f9 l\u2019\u00e9motion prend le pas sur la d\u00e9monstration.... <a class=\"more-link\" href=\"https:\/\/webcom.iutlan.univ-rennes1.fr\/lsempere\/2026\/04\/01\/georgio-une-voix-singuliere-dans-le-rap-francais\/\">Continue Reading &rarr;<\/a><\/div><\/li>\n<\/ul>\n<p>\u00a0<\/p>\n\t\t\t\t\t\t\t\t<\/div>\n\t\t\t\t<\/div>\n\t\t\t\t\t<\/div>\n\t\t\t\t<\/div>\n\t\t\t\t<\/div>\n\t\t","protected":false},"excerpt":{"rendered":"<p>Plongez au c\u0153ur de la sc\u00e8ne musicale de 2026. Ce site rassemble, en un seul espace, l\u2019essentiel pour pr\u00e9parer votre saison de festivals : portraits d\u2019artistes, focus par genres, analyses de tendances et outils pratiques pour rep\u00e9rer les \u00e9v\u00e9nements incontournables&#8230;. <a class=\"more-link\" href=\"https:\/\/webcom.iutlan.univ-rennes1.fr\/lsempere\/\">Continue Reading &rarr;<\/a><\/p>\n","protected":false},"author":1,"featured_media":0,"parent":0,"menu_order":0,"comment_status":"closed","ping_status":"closed","template":"elementor_header_footer","meta":{"footnotes":""},"class_list":["post-586","page","type-page","status-publish","hentry"],"yoast_head":"<!-- This site is optimized with the Yoast SEO plugin v27.5 - https:\/\/yoast.com\/product\/yoast-seo-wordpress\/ -->\n<title>Programmation des festivals fran\u00e7ais en 2026 - Kompoder<\/title>\n<meta name=\"robots\" content=\"index, follow, max-snippet:-1, max-image-preview:large, max-video-preview:-1\" \/>\n<link rel=\"canonical\" href=\"https:\/\/webcom.iutlan.univ-rennes1.fr\/lsempere\/\" \/>\n<meta property=\"og:locale\" content=\"fr_FR\" \/>\n<meta property=\"og:type\" content=\"article\" \/>\n<meta property=\"og:title\" content=\"Programmation des festivals fran\u00e7ais en 2026 - Kompoder\" \/>\n<meta property=\"og:description\" content=\"Plongez au c\u0153ur de la sc\u00e8ne musicale de 2026. Ce site rassemble, en un seul espace, l\u2019essentiel pour pr\u00e9parer votre saison de festivals : portraits d\u2019artistes, focus par genres, analyses de tendances et outils pratiques pour rep\u00e9rer les \u00e9v\u00e9nements incontournables.... Continue Reading &rarr;\" \/>\n<meta property=\"og:url\" content=\"https:\/\/webcom.iutlan.univ-rennes1.fr\/lsempere\/\" \/>\n<meta property=\"og:site_name\" content=\"Kompoder\" \/>\n<meta property=\"article:modified_time\" content=\"2026-04-08T16:28:27+00:00\" \/>\n<meta property=\"og:image\" content=\"https:\/\/public.flourish.studio\/visualisation\/28296078\/thumbnail\" \/>\n<meta name=\"twitter:card\" content=\"summary_large_image\" \/>\n<meta name=\"twitter:label1\" content=\"Dur\u00e9e de lecture estim\u00e9e\" \/>\n\t<meta name=\"twitter:data1\" content=\"1 minute\" \/>\n<script type=\"application\/ld+json\" class=\"yoast-schema-graph\">{\"@context\":\"https:\\\/\\\/schema.org\",\"@graph\":[{\"@type\":\"WebPage\",\"@id\":\"https:\\\/\\\/webcom.iutlan.univ-rennes1.fr\\\/lsempere\\\/\",\"url\":\"https:\\\/\\\/webcom.iutlan.univ-rennes1.fr\\\/lsempere\\\/\",\"name\":\"Programmation des festivals fran\u00e7ais en 2026 - Kompoder\",\"isPartOf\":{\"@id\":\"https:\\\/\\\/webcom.iutlan.univ-rennes1.fr\\\/lsempere\\\/#website\"},\"primaryImageOfPage\":{\"@id\":\"https:\\\/\\\/webcom.iutlan.univ-rennes1.fr\\\/lsempere\\\/#primaryimage\"},\"image\":{\"@id\":\"https:\\\/\\\/webcom.iutlan.univ-rennes1.fr\\\/lsempere\\\/#primaryimage\"},\"thumbnailUrl\":\"https:\\\/\\\/public.flourish.studio\\\/visualisation\\\/28296078\\\/thumbnail\",\"datePublished\":\"2026-03-30T13:29:28+00:00\",\"dateModified\":\"2026-04-08T16:28:27+00:00\",\"breadcrumb\":{\"@id\":\"https:\\\/\\\/webcom.iutlan.univ-rennes1.fr\\\/lsempere\\\/#breadcrumb\"},\"inLanguage\":\"fr-FR\",\"potentialAction\":[{\"@type\":\"ReadAction\",\"target\":[\"https:\\\/\\\/webcom.iutlan.univ-rennes1.fr\\\/lsempere\\\/\"]}]},{\"@type\":\"ImageObject\",\"inLanguage\":\"fr-FR\",\"@id\":\"https:\\\/\\\/webcom.iutlan.univ-rennes1.fr\\\/lsempere\\\/#primaryimage\",\"url\":\"https:\\\/\\\/public.flourish.studio\\\/visualisation\\\/28296078\\\/thumbnail\",\"contentUrl\":\"https:\\\/\\\/public.flourish.studio\\\/visualisation\\\/28296078\\\/thumbnail\"},{\"@type\":\"BreadcrumbList\",\"@id\":\"https:\\\/\\\/webcom.iutlan.univ-rennes1.fr\\\/lsempere\\\/#breadcrumb\",\"itemListElement\":[{\"@type\":\"ListItem\",\"position\":1,\"name\":\"Accueil\",\"item\":\"https:\\\/\\\/webcom.iutlan.univ-rennes1.fr\\\/lsempere\\\/\"},{\"@type\":\"ListItem\",\"position\":2,\"name\":\"Programmation des festivals fran\u00e7ais en 2026\"}]},{\"@type\":\"WebSite\",\"@id\":\"https:\\\/\\\/webcom.iutlan.univ-rennes1.fr\\\/lsempere\\\/#website\",\"url\":\"https:\\\/\\\/webcom.iutlan.univ-rennes1.fr\\\/lsempere\\\/\",\"name\":\"Kompoder\",\"description\":\"\",\"potentialAction\":[{\"@type\":\"SearchAction\",\"target\":{\"@type\":\"EntryPoint\",\"urlTemplate\":\"https:\\\/\\\/webcom.iutlan.univ-rennes1.fr\\\/lsempere\\\/?s={search_term_string}\"},\"query-input\":{\"@type\":\"PropertyValueSpecification\",\"valueRequired\":true,\"valueName\":\"search_term_string\"}}],\"inLanguage\":\"fr-FR\"}]}<\/script>\n<!-- \/ Yoast SEO plugin. -->","yoast_head_json":{"title":"Programmation des festivals fran\u00e7ais en 2026 - Kompoder","robots":{"index":"index","follow":"follow","max-snippet":"max-snippet:-1","max-image-preview":"max-image-preview:large","max-video-preview":"max-video-preview:-1"},"canonical":"https:\/\/webcom.iutlan.univ-rennes1.fr\/lsempere\/","og_locale":"fr_FR","og_type":"article","og_title":"Programmation des festivals fran\u00e7ais en 2026 - Kompoder","og_description":"Plongez au c\u0153ur de la sc\u00e8ne musicale de 2026. Ce site rassemble, en un seul espace, l\u2019essentiel pour pr\u00e9parer votre saison de festivals : portraits d\u2019artistes, focus par genres, analyses de tendances et outils pratiques pour rep\u00e9rer les \u00e9v\u00e9nements incontournables.... Continue Reading &rarr;","og_url":"https:\/\/webcom.iutlan.univ-rennes1.fr\/lsempere\/","og_site_name":"Kompoder","article_modified_time":"2026-04-08T16:28:27+00:00","og_image":[{"url":"https:\/\/public.flourish.studio\/visualisation\/28296078\/thumbnail","type":"","width":"","height":""}],"twitter_card":"summary_large_image","twitter_misc":{"Dur\u00e9e de lecture estim\u00e9e":"1 minute"},"schema":{"@context":"https:\/\/schema.org","@graph":[{"@type":"WebPage","@id":"https:\/\/webcom.iutlan.univ-rennes1.fr\/lsempere\/","url":"https:\/\/webcom.iutlan.univ-rennes1.fr\/lsempere\/","name":"Programmation des festivals fran\u00e7ais en 2026 - Kompoder","isPartOf":{"@id":"https:\/\/webcom.iutlan.univ-rennes1.fr\/lsempere\/#website"},"primaryImageOfPage":{"@id":"https:\/\/webcom.iutlan.univ-rennes1.fr\/lsempere\/#primaryimage"},"image":{"@id":"https:\/\/webcom.iutlan.univ-rennes1.fr\/lsempere\/#primaryimage"},"thumbnailUrl":"https:\/\/public.flourish.studio\/visualisation\/28296078\/thumbnail","datePublished":"2026-03-30T13:29:28+00:00","dateModified":"2026-04-08T16:28:27+00:00","breadcrumb":{"@id":"https:\/\/webcom.iutlan.univ-rennes1.fr\/lsempere\/#breadcrumb"},"inLanguage":"fr-FR","potentialAction":[{"@type":"ReadAction","target":["https:\/\/webcom.iutlan.univ-rennes1.fr\/lsempere\/"]}]},{"@type":"ImageObject","inLanguage":"fr-FR","@id":"https:\/\/webcom.iutlan.univ-rennes1.fr\/lsempere\/#primaryimage","url":"https:\/\/public.flourish.studio\/visualisation\/28296078\/thumbnail","contentUrl":"https:\/\/public.flourish.studio\/visualisation\/28296078\/thumbnail"},{"@type":"BreadcrumbList","@id":"https:\/\/webcom.iutlan.univ-rennes1.fr\/lsempere\/#breadcrumb","itemListElement":[{"@type":"ListItem","position":1,"name":"Accueil","item":"https:\/\/webcom.iutlan.univ-rennes1.fr\/lsempere\/"},{"@type":"ListItem","position":2,"name":"Programmation des festivals fran\u00e7ais en 2026"}]},{"@type":"WebSite","@id":"https:\/\/webcom.iutlan.univ-rennes1.fr\/lsempere\/#website","url":"https:\/\/webcom.iutlan.univ-rennes1.fr\/lsempere\/","name":"Kompoder","description":"","potentialAction":[{"@type":"SearchAction","target":{"@type":"EntryPoint","urlTemplate":"https:\/\/webcom.iutlan.univ-rennes1.fr\/lsempere\/?s={search_term_string}"},"query-input":{"@type":"PropertyValueSpecification","valueRequired":true,"valueName":"search_term_string"}}],"inLanguage":"fr-FR"}]}},"_links":{"self":[{"href":"https:\/\/webcom.iutlan.univ-rennes1.fr\/lsempere\/wp-json\/wp\/v2\/pages\/586","targetHints":{"allow":["GET"]}}],"collection":[{"href":"https:\/\/webcom.iutlan.univ-rennes1.fr\/lsempere\/wp-json\/wp\/v2\/pages"}],"about":[{"href":"https:\/\/webcom.iutlan.univ-rennes1.fr\/lsempere\/wp-json\/wp\/v2\/types\/page"}],"author":[{"embeddable":true,"href":"https:\/\/webcom.iutlan.univ-rennes1.fr\/lsempere\/wp-json\/wp\/v2\/users\/1"}],"replies":[{"embeddable":true,"href":"https:\/\/webcom.iutlan.univ-rennes1.fr\/lsempere\/wp-json\/wp\/v2\/comments?post=586"}],"version-history":[{"count":23,"href":"https:\/\/webcom.iutlan.univ-rennes1.fr\/lsempere\/wp-json\/wp\/v2\/pages\/586\/revisions"}],"predecessor-version":[{"id":5705,"href":"https:\/\/webcom.iutlan.univ-rennes1.fr\/lsempere\/wp-json\/wp\/v2\/pages\/586\/revisions\/5705"}],"wp:attachment":[{"href":"https:\/\/webcom.iutlan.univ-rennes1.fr\/lsempere\/wp-json\/wp\/v2\/media?parent=586"}],"curies":[{"name":"wp","href":"https:\/\/api.w.org\/{rel}","templated":true}]}}