{"version":"1.0","provider_name":"Kompoder","provider_url":"https:\/\/webcom.iutlan.univ-rennes1.fr\/lsempere","author_name":"aliciabricot","author_url":"https:\/\/webcom.iutlan.univ-rennes1.fr\/lsempere\/author\/aliciabricot\/","title":"H\u00e9l\u00e9na Bailly : une ascension rapide - Kompoder","type":"rich","width":600,"height":338,"html":"<blockquote class=\"wp-embedded-content\" data-secret=\"E7vuhscgum\"><a href=\"https:\/\/webcom.iutlan.univ-rennes1.fr\/lsempere\/2026\/04\/01\/helena-bailly-une-ascension-rapide\/\">H\u00e9l\u00e9na Bailly : une ascension rapide<\/a><\/blockquote><iframe sandbox=\"allow-scripts\" security=\"restricted\" src=\"https:\/\/webcom.iutlan.univ-rennes1.fr\/lsempere\/2026\/04\/01\/helena-bailly-une-ascension-rapide\/embed\/#?secret=E7vuhscgum\" width=\"600\" height=\"338\" title=\"\u00ab\u00a0H\u00e9l\u00e9na Bailly : une ascension rapide\u00a0\u00bb &#8212; Kompoder\" data-secret=\"E7vuhscgum\" frameborder=\"0\" marginwidth=\"0\" marginheight=\"0\" scrolling=\"no\" class=\"wp-embedded-content\"><\/iframe><script type=\"text\/javascript\">\n\/* <![CDATA[ *\/\n\/*! This file is auto-generated *\/\n!function(d,l){\"use strict\";l.querySelector&&d.addEventListener&&\"undefined\"!=typeof URL&&(d.wp=d.wp||{},d.wp.receiveEmbedMessage||(d.wp.receiveEmbedMessage=function(e){var t=e.data;if((t||t.secret||t.message||t.value)&&!\/[^a-zA-Z0-9]\/.test(t.secret)){for(var s,r,n,a=l.querySelectorAll('iframe[data-secret=\"'+t.secret+'\"]'),o=l.querySelectorAll('blockquote[data-secret=\"'+t.secret+'\"]'),c=new RegExp(\"^https?:$\",\"i\"),i=0;i<o.length;i++)o[i].style.display=\"none\";for(i=0;i<a.length;i++)s=a[i],e.source===s.contentWindow&&(s.removeAttribute(\"style\"),\"height\"===t.message?(1e3<(r=parseInt(t.value,10))?r=1e3:~~r<200&&(r=200),s.height=r):\"link\"===t.message&&(r=new URL(s.getAttribute(\"src\")),n=new URL(t.value),c.test(n.protocol))&&n.host===r.host&&l.activeElement===s&&(d.top.location.href=t.value))}},d.addEventListener(\"message\",d.wp.receiveEmbedMessage,!1),l.addEventListener(\"DOMContentLoaded\",function(){for(var e,t,s=l.querySelectorAll(\"iframe.wp-embedded-content\"),r=0;r<s.length;r++)(t=(e=s[r]).getAttribute(\"data-secret\"))||(t=Math.random().toString(36).substring(2,12),e.src+=\"#?secret=\"+t,e.setAttribute(\"data-secret\",t)),e.contentWindow.postMessage({message:\"ready\",secret:t},\"*\")},!1)))}(window,document);\n\/\/# sourceURL=https:\/\/webcom.iutlan.univ-rennes1.fr\/lsempere\/wp-includes\/js\/wp-embed.min.js\n\/* ]]> *\/\n<\/script>\n","description":"R\u00e9v\u00e9l\u00e9e en 2023 dans Star Academy, H\u00e9l\u00e9na Bailly s\u2019est impos\u00e9e en quelques mois seulement sur la sc\u00e8ne musicale francophone. Entre son premier single et ses performances en concert, son ascension ne passe pas inaper\u00e7ue. Il y a encore peu de... Continue Reading &rarr;","thumbnail_url":"https:\/\/webcom.iutlan.univ-rennes1.fr\/lsempere\/wp-content\/uploads\/2024\/12\/vendeuseglace.jpg","thumbnail_width":600,"thumbnail_height":800}

Héléna Bailly : une ascension rapide - Kompoder

<blockquote class="wp-embedded-content" data-secret="E7vuhscgum"><a href="https://webcom.iutlan.univ-rennes1.fr/lsempere/2026/04/01/helena-bailly-une-ascension-rapide/">Héléna Bailly : une ascension rapide</a></blockquote><iframe sandbox="allow-scripts" security="restricted" src="https://webcom.iutlan.univ-rennes1.fr/lsempere/2026/04/01/helena-bailly-une-ascension-rapide/embed/#?secret=E7vuhscgum" width="600" height="338" title="« Héléna Bailly : une ascension rapide » &#8212; Kompoder" data-secret="E7vuhscgum" frameborder="0" marginwidth="0" marginheight="0" scrolling="no" class="wp-embedded-content"></iframe><script type="text/javascript">
/* <![CDATA[ */
/*! This file is auto-generated */
!function(d,l){"use strict";l.querySelector&&d.addEventListener&&"undefined"!=typeof URL&&(d.wp=d.wp||{},d.wp.receiveEmbedMessage||(d.wp.receiveEmbedMessage=function(e){var t=e.data;if((t||t.secret||t.message||t.value)&&!/[^a-zA-Z0-9]/.test(t.secret)){for(var s,r,n,a=l.querySelectorAll('iframe[data-secret="'+t.secret+'"]'),o=l.querySelectorAll('blockquote[data-secret="'+t.secret+'"]'),c=new RegExp("^https?:$","i"),i=0;i<o.length;i++)o[i].style.display="none";for(i=0;i<a.length;i++)s=a[i],e.source===s.contentWindow&&(s.removeAttribute("style"),"height"===t.message?(1e3<(r=parseInt(t.value,10))?r=1e3:~~r<200&&(r=200),s.height=r):"link"===t.message&&(r=new URL(s.getAttribute("src")),n=new URL(t.value),c.test(n.protocol))&&n.host===r.host&&l.activeElement===s&&(d.top.location.href=t.value))}},d.addEventListener("message",d.wp.receiveEmbedMessage,!1),l.addEventListener("DOMContentLoaded",function(){for(var e,t,s=l.querySelectorAll("iframe.wp-embedded-content"),r=0;r<s.length;r++)(t=(e=s[r]).getAttribute("data-secret"))||(t=Math.random().toString(36).substring(2,12),e.src+="#?secret="+t,e.setAttribute("data-secret",t)),e.contentWindow.postMessage({message:"ready",secret:t},"*")},!1)))}(window,document);
//# sourceURL=https://webcom.iutlan.univ-rennes1.fr/lsempere/wp-includes/js/wp-embed.min.js
/* ]]> */
</script>

Révélée en 2023 dans Star Academy, Héléna Bailly s’est imposée en quelques mois seulement sur la scène musicale francophone. Entre son premier single et ses performances en concert, son ascension ne passe pas inaperçue. Il y a encore peu de... Continue Reading &rarr;
